Let k(n) = -204*n**2 - 6373*n - 1598. Calculate k(-31).
-79
Let r(c) = -119*c - 3525. Determine r(-4).
-3049
Let b(y) = y**3 - 44*y**2 + 346*y + 59. What is b(11)?
-128
Let u(p) = 12*p**2 - 874*p - 52335. Give u(-39).
3
Let f(y) = -y**2 - 102*y - 2357. Give f(-69).
-80
Let w(y) = -21*y - 214. Give w(-19).
185
Let d(l) = 7*l**2 + 360*l - 39411. Give d(-105).
-36
Let i(v) = 103*v**2 + 3137*v + 1329. What is i(-30)?
-81
Let y(q) = 3851*q + 15354. Give y(-4).
-50
Let y(x) = -18262*x - 16088826. What is y(-881)?
-4
Let n(o) = 465*o - 71722. Give n(154).
-112
Let y(i) = -13*i**2 - 5894*i + 85072. Calculate y(14).
8
Let r(z) = -55*z - 2642. Calculate r(-48).
-2
Let r(g) = -g**3 + 29*g**2 - 819*g + 35859. Determine r(35).
-156
Let t(z) = 2*z**2 + 35758*z + 464804. Determine t(-13).
288
Let t(v) = 745*v + 109506. Give t(-147).
-9
Let f(i) = -4*i**2 + 94*i + 9563. What is f(62)?
15
Let g(u) = 20*u**3 + 297*u**2 + 1092*u + 24. Give g(-9).
-327
Let m(d) = -d**3 - 83*d**2 - 340*d - 28241. What is m(-83)?
-21
Let g(v) = -v**3 - 104*v**2 + 108*v + 41500. What is g(-101)?
-11
Let w(f) = -2*f**2 - 463*f - 4611. Calculate w(-221).
30
Let l(f) = -5388*f + 97292. Determine l(18).
308
Let a(d) = -46*d**2 + 384*d - 139. What is a(8)?
-11
Let i(m) = -578*m**2 - 7512*m + 33. Determine i(-13).
7
Let u(w) = 327*w - 5092. Give u(17).
467
Let u(l) = -l**2 - 50418*l + 1311547. Calculate u(26).
3
Let t(o) = 2479*o - 1482412. What is t(598)?
30
Let d(s) = s**3 - 199*s**2 + 236*s - 7529. Calculate d(198).
-5
Let a(o) = -28970*o + 318675. Determine a(11).
5
Let c(m) = 205*m - 9703. Give c(52).
957
Let u(n) = 2518*n - 5497. Calculate u(0).
-5497
Let d(c) = -15*c**2 + 3574*c - 8028. Calculate d(236).
-4
Let b(p) = 5*p**3 + 134*p**2 - 9*p + 617. What is b(-27)?
131
Let o(q) = q**3 - 16*q**2 - 83*q - 115. Calculate o(20).
-175
Let l(j) = -393162*j - 1179525. Give l(-3).
-39
Let o(n) = 3863*n**2 - 108164*n - 7. Calculate o(28).
-7
Let d(z) = 11895*z + 226005. What is d(-19)?
0
Let h(y) = -945*y + 80325. Give h(85).
0
Let u(q) = -25*q**3 + 3*q**2 - 97*q - 199. Give u(-2).
207
Let v(d) = 234*d - 13264. What is v(57)?
74
Let s(z) = 2267*z + 22354. Determine s(-10).
-316
Let c(d) = 17*d**2 - 471*d - 1847. What is c(-4)?
309
Let g(p) = 43*p**2 - 2080*p + 402. Give g(48).
-366
Let s(q) = 4*q**3 - 126*q**2 + 1016*q - 34712. Determine s(32).
-152
Let j(m) = -2*m**2 - 96*m + 994. Calculate j(-77).
-3472
Let y(v) = v**3 + 33*v**2 - 1092*v - 35990. What is y(-34)?
-18
Let n(t) = 21*t**3 - 14*t**2 - 224*t + 461. Give n(2).
125
Let z(i) = 1696*i + 1229513. Calculate z(-725).
-87
Let s(p) = -p**3 + 6*p**2 - 55*p + 1905. Determine s(13).
7
Let w(s) = -67798*s + 813575. Calculate w(12).
-1
Let m(u) = 2*u**3 - 65*u**2 - 100*u - 67. Give m(34).
1
Let i(n) = n**2 - 1322*n + 41841. What is i(32)?
561
Let r(g) = 764*g**2 + 3009*g - 5. Give r(-4).
183
Let g(k) = -2221*k - 10023. What is g(-4)?
-1139
Let z(j) = j**2 - 72*j + 1062. Calculate z(54).
90
Let n(v) = -4*v**2 - 1951*v - 9137. Determine n(-483).
40
Let u(z) = 230*z**3 + 7*z**2 + 2851*z - 2858. Give u(1).
230
Let z(w) = -4*w**3 - 28*w**2 - 13*w - 100. Determine z(-7).
-9
Let x(f) = 956*f**3 + f**2 + 1128*f + 1126. Determine x(-1).
-957
Let k(n) = 5*n**3 - 23*n**2 + 68*n - 397. What is k(5)?
-7
Let d(s) = s**3 + 22*s**2 + 83*s + 212. Calculate d(-18).
14
Let b(p) = p**3 - 23*p**2 + 32*p + 31. Calculate b(5).
-259
Let k(v) = -8146*v - 40743. What is k(-5)?
-13
Let k(p) = p**2 - 1578*p + 268495. Determine k(194).
-1
Let b(j) = j**3 - 35*j**2 + 5*j - 314. Determine b(35).
-139
Let b(y) = 12566*y**2 + 37800*y + 12. Give b(-3).
-294
Let g(f) = -67*f**2 - 1694*f - 10233. What is g(-10)?
7
Let i(j) = -2*j**3 - 155*j**2 + 5273*j + 2064. Give i(-103).
4
Let n(w) = 20111*w + 321768. Determine n(-16).
-8
Let k(j) = 6*j**2 + 877*j - 27854. Give k(-173).
-1
Let c(o) = -88*o - 2076. Determine c(-38).
1268
Let f(g) = 386*g + 10763. Determine f(-28).
-45
Let u(l) = -349*l + 5961. Give u(16).
377
Let f(v) = -2580*v - 46580. Give f(-18).
-140
Let o(m) = -6404*m + 569943. Determine o(89).
-13
Let o(j) = -47*j**2 + 2931*j + 2099. Calculate o(63).
209
Let r(g) = 2*g**2 + 254*g + 1575. Determine r(-123).
591
Let p(b) = -4558*b + 27229. What is p(6)?
-119
Let w(g) = 4*g**2 - 629*g - 106898. Give w(260).
-38
Let z(w) = 5*w**3 + 23*w**2 + 196*w + 157. Calculate z(-9).
-3389
Let w(f) = 77*f**3 + 9469*f**2 - 588*f - 42075. What is w(-123)?
-9
Let h(o) = 113*o - 7926. Give h(73).
323
Let q(k) = 97*k**2 - 651*k + 406. Calculate q(6).
-8
Let p(b) = -7*b**3 + 35*b**2 - 22*b - 51. Calculate p(10).
-3771
Let h(x) = x**2 + 645*x + 52845. Calculate h(-95).
595
Let s(h) = 3*h**3 - 405*h**2 + 10496*h + 109. Give s(35).
-31
Let s(v) = -v**2 + 917*v - 182162. Determine s(291).
4
Let q(s) = 4*s**3 + 1270*s**2 - 3232*s - 10243. Give q(-320).
-3
Let k(c) = 1140*c**2 - 329457*c - 866. Calculate k(289).
1
Let r(t) = -124*t**2 + 2146*t - 635. What is r(17)?
11
Let b(a) = a**2 + 87*a + 948. Calculate b(-19).
-344
Let n(i) = 8101*i - 607579. Give n(75).
-4
Let q(y) = y**2 - 497*y - 41755. What is q(-76)?
1793
Let s(t) = 222526*t + 6675776. Calculate s(-30).
-4
Let r(m) = -2724*m - 28224. Determine r(-11).
1740
Let w(f) = 4578*f + 105264. Determine w(-23).
-30
Let o(v) = -372147*v - 744291. Give o(-2).
3
Let f(p) = 5*p**2 - 196*p - 2030. Determine f(-10).
430
Let k(f) = -43*f**2 - 748*f + 10217. Determine k(9).
2
Let c(n) = 144949*n + 2174266. What is c(-15)?
31
Let u(d) = 4*d**2 - 9*d + 152. What is u(27)?
2825
Let z(d) = -53*d**2 - 1557*d - 69. Give z(-29).
511
Let v(n) = -19315*n - 1023475. Calculate v(-53).
220
Let m(o) = -5444*o - 59841. Calculate m(-11).
43
Let z(g) = -17118*g + 136978. Determine z(8).
34
Let b(r) = -r**3 - 39*r**2 + 287*r - 542. Determine b(-46).
1068
Let d(j) = -6*j**2 + 215*j + 312. What is d(39)?
-429
Let i(w) = -2879*w - 118280. Calculate i(-41).
-241
Let a(k) = -2*k**3 - 45*k**2 - 15*k + 942. What is a(-20)?
-758
Let a(w) = 4450*w + 462837. Calculate a(-104).
37
Let g(v) = -217*v + 16135. Give g(67).
1596
Let r(q) = -2*q**2 - 4*q + 151. Calculate r(10).
-89
Let v(i) = 5*i**3 - 61*i**2 - 221*i + 2246. Calculate v(13).
49
Let g(k) = 13*k**2 - 92*k + 57. What is g(6)?
-27
Let w(x) = 2*x**2 - 749*x - 758. What is w(-1)?
-7
Let y(t) = -14*t**2 + 369*t + 27834. Calculate y(60).
-426
Let a(n) = -2*n**3 - 305*n**2 - 5948*n + 231. Give a(-23).
24
Let m(i) = -i**3 + 38*i**2 - 9*i + 1872. Calculate m(37).
2908
Let s(p) = 2*p**3 - 14*p**2 + 1844*p - 26011. What is s(13)?
-11
Let c(y) = 5*y**3 + 44*y**2 + 51*y + 26. Give c(-6).
224
Let c(b) = 359*b + 2132. Calculate c(-7).
-381
Let r(x) = x**3 + 33*x**2 + 139*x - 84. What is r(-6)?
54
Let h(b) = 39885*b + 518540. Determine h(-13).
35
Let c(u) = 2*u**2 + 76*u + 2120. Calculate c(-18).
1400
Let q(f) = -f**3 + 16*f**2 + 190*f - 2769. What is q(18)?
3
Let k(f) = -522*f**2 - 2874*f + 49. Determine k(-6).
-1499
Let u(t) = 31*t**3 - 360*t**2 + 26*t + 11. Determine u(8).
-6949
Let k(o) = -185*o - 40470. Give k(-219).
45
Let n(q) = -q**3 - 39*q**2 - 398*q - 44. Give n(-19).
298
Let q(v) = v**2 + 335*v - 26904. Calculate q(67).
30
Let f(u) = -57*u**2 - 3567*u + 1958. Determine f(-63).
446
Let m(v) = 941*v - 4450. Give m(4).
-686
Let y(f) = -229*f**2 - 116*f + 241. Calculate y(2).
-907
Let w(l) = 2*l**2 - 28*l - 2802. What is w(-37)?
972
Let p(t) = -6693*t - 140590. Give p(-21).
-37
Let n(p) = 1468*p + 17083. What is n(-10)?
2403
Let u(t) = 3*t**2 - 403*t + 9133. What is u(28)?
201
Let u(q) = -3219*q + 389592. Calculate u(121).
93
Let o(k) = 33*k**2 - 6*k - 82. Determine o(5).
713
Let y(m) = -m**3 - 1134*m**2 + 7*m - 6. What is y(0)?
-6
Let p(z) = z**3 + 14*z**2 + 7*z + 1. Determine p(-15).
-329
Let l(g) = 1089*g**2 + 53352*g - 5. Determine l(-49).
436
Let h(l) = -2464*l - 66530. Calculate h(-27).
-2
Let q(b) = -878*b + 252843. Calculate q(288).
-21
Let n(y) = -9*y**2 + 2248*y - 10147. Give n(245).
388
Let w(x) = -137571*x - 4127145. What is w(-30)?
-15
Let r(b) = 179685*b - 2335944. Give r(13).
-39
Let n(t) = -t**2 + 1471*t - 104666. What is n(75)?
34
Let x(j) = -20*j**2 + 266*j - 231. Calculate x(12).
81
Let t(n) = -3*n**2 - 5399*n + 109187. What is t(20)?
7
Let m(b) = 476*b + 84399. Determine m(-177).
147
Let g(a) = -118*a**2 + 67